{"id":108,"date":"2020-10-11T19:26:50","date_gmt":"2020-10-11T17:26:50","guid":{"rendered":"https:\/\/juliakursawe.de\/?page_id=108"},"modified":"2021-11-15T14:26:08","modified_gmt":"2021-11-15T13:26:08","slug":"cellovirtuose-und-komponist","status":"publish","type":"page","link":"https:\/\/juliakursawe.de\/index.php\/works\/baroque-e-motion\/cellovirtuose-und-komponist\/","title":{"rendered":"Cellovirtuose und Komponist"},"content":{"rendered":"\n<h2 class=\"has-text-align-center\">Cellovirtuose und Komponist<\/h2>\n\n\n\n<h5 class=\"has-text-align-center\">Ein Querschnitt durch Europas barocke Cellomusik <\/h5>\n\n\n\n<div class=\"wp-block-media-text has-background\" style=\"background-color:#ffffff;grid-template-columns:28% auto\"><figure class=\"wp-block-media-text__media\"><img src=\"https:\/\/juliakursawe.de\/wp-content\/uploads\/2020\/10\/baroqueemotion.jpg\" alt=\"\" class=\"wp-image-325 size-full\"\/><\/figure><div class=\"wp-block-media-text__content\">\n<p>Kaufmann oder Jurist, Tanzmeister, Lehrer oder\nSolist,&nbsp; &#8211; viele Komponisten gingen zum\nGelderwerb anderen Berufen nach. <\/p>\n\n\n\n<p>In diesem Konzert stellen wir barocke Cellosonaten aus 4 europ\u00e4ischen L\u00e4ndern vor. Sie weisen alle unterschiedliche, landestypische Stilmerkmale auf und \u00e4hneln sich dennoch. <\/p>\n\n\n\n<p><em>Werke von: <\/em><br><em>Jean Baptiste Barri\u00e8re, Georg Philipp Telemann, <\/em><br><em>Antonio Vivaldi, Jacob Herman Klein<\/em><\/p>\n<\/div><\/div>\n\n\n\n<p class=\"has-text-align-center has-background\" style=\"background-color:#f6f3ed\">Barockcello &#8211; Julia Kursawe<br>Cembalo &#8211; M\u00e1rton Bors\u00e1nyi<strong> <\/strong><\/p>\n\n\n\n<p class=\"has-text-color has-small-font-size\" style=\"color:#62686d\">\u00a9 privat<\/p>\n","protected":false},"excerpt":{"rendered":"<p>Cellovirtuose und Komponist Ein Querschnitt durch Europas barocke Cellomusik Kaufmann oder Jurist, Tanzmeister, Lehrer oder Solist,&nbsp; &#8211; viele Komponisten gingen zum Gelderwerb anderen Berufen nach. In diesem Konzert stellen wir barocke Cellosonaten aus 4 europ\u00e4ischen L\u00e4ndern vor. Sie weisen alle unterschiedliche, landestypische Stilmerkmale auf und \u00e4hneln sich dennoch. Werke von: Jean Baptiste Barri\u00e8re, Georg Philipp&hellip;&nbsp;<a href=\"https:\/\/juliakursawe.de\/index.php\/works\/baroque-e-motion\/cellovirtuose-und-komponist\/\" class=\"\" rel=\"bookmark\">Weiterlesen &raquo;<span class=\"screen-reader-text\">Cellovirtuose und Komponist<\/span><\/a><\/p>\n","protected":false},"author":1,"featured_media":0,"parent":90,"menu_order":0,"comment_status":"closed","ping_status":"closed","template":"","meta":{"neve_meta_sidebar":"","neve_meta_container":"","neve_meta_enable_content_width":"","neve_meta_content_width":0,"neve_meta_title_alignment":"","neve_meta_author_avatar":"","neve_post_elements_order":"","neve_meta_disable_header":"","neve_meta_disable_footer":"","neve_meta_disable_title":""},"_links":{"self":[{"href":"https:\/\/juliakursawe.de\/index.php\/wp-json\/wp\/v2\/pages\/108"}],"collection":[{"href":"https:\/\/juliakursawe.de\/index.php\/wp-json\/wp\/v2\/pages"}],"about":[{"href":"https:\/\/juliakursawe.de\/index.php\/wp-json\/wp\/v2\/types\/page"}],"author":[{"embeddable":true,"href":"https:\/\/juliakursawe.de\/index.php\/wp-json\/wp\/v2\/users\/1"}],"replies":[{"embeddable":true,"href":"https:\/\/juliakursawe.de\/index.php\/wp-json\/wp\/v2\/comments?post=108"}],"version-history":[{"count":3,"href":"https:\/\/juliakursawe.de\/index.php\/wp-json\/wp\/v2\/pages\/108\/revisions"}],"predecessor-version":[{"id":1969,"href":"https:\/\/juliakursawe.de\/index.php\/wp-json\/wp\/v2\/pages\/108\/revisions\/1969"}],"up":[{"embeddable":true,"href":"https:\/\/juliakursawe.de\/index.php\/wp-json\/wp\/v2\/pages\/90"}],"wp:attachment":[{"href":"https:\/\/juliakursawe.de\/index.php\/wp-json\/wp\/v2\/media?parent=108"}],"curies":[{"name":"wp","href":"https:\/\/api.w.org\/{rel}","templated":true}]}}