{"id":111,"date":"2020-10-11T19:32:36","date_gmt":"2020-10-11T17:32:36","guid":{"rendered":"https:\/\/juliakursawe.de\/?page_id=111"},"modified":"2020-10-16T16:27:18","modified_gmt":"2020-10-16T14:27:18","slug":"heiden-heiland","status":"publish","type":"page","link":"https:\/\/juliakursawe.de\/index.php\/works\/baroque-e-motion\/heiden-heiland\/","title":{"rendered":"Heiden Heiland"},"content":{"rendered":"\n<h2 class=\"has-text-align-center\">Nun komm der Heiden Heiland<\/h2>\n\n\n\n<h5 class=\"has-text-align-center\">Advent im Barock<\/h5>\n\n\n\n<div class=\"wp-block-media-text has-background\" style=\"background-color:#ffffff;grid-template-columns:30% auto\"><figure class=\"wp-block-media-text__media\"><img src=\"https:\/\/juliakursawe.de\/wp-content\/uploads\/2020\/10\/baroqueemotion.jpg\" alt=\"\" class=\"wp-image-325\"\/><\/figure><div class=\"wp-block-media-text__content\">\n<p>Das bekannte Lied \u201eNun komm der Heiden Heiland\u201c, in diesem Konzert als Orgelchoral von Dietrich Buxtehude und Johann Pachelbel zu h\u00f6ren, gibt unserem barocken Adventskonzert seinen Namen.<br> Festliche Adventsmusik mit vollt\u00f6nendem Orgelklang wie auch weltliche Musik im besinnlichen Klang des Barockcellos sind die Wegpfeiler des Programms. Das Ensemble baroque-e-motion konzertiert in seiner kleinsten Besetzung mit dem geb\u00fcrtigen Ungarn M\u00e1rton Bors\u00e1nyi an der Orgel und der Berlinerin Julia Kursawe am Barockcello. <\/p>\n\n\n\n<p>Es erklingen Werke von Telemann, Pachelbel, Vivaldi, B\u00f6hm, Weckmann und Geminiani, Buxtehude <\/p>\n<\/div><\/div>\n\n\n\n<p class=\"has-text-align-center has-background\" style=\"background-color:#f6f3ed\">Barockcello &#8211; Julia Kursawe\u00a0<br> Cembalo und Orgel &#8211; M\u00e1rton Bors\u00e1nyi\u00a0<\/p>\n\n\n\n<div style=\"height:46px\" aria-hidden=\"true\" class=\"wp-block-spacer\"><\/div>\n\n\n\n<div class=\"wp-block-columns has-2-columns\">\n<div class=\"wp-block-column\"><\/div>\n\n\n\n<div class=\"wp-block-column\"><\/div>\n<\/div>\n\n\n\n<p><\/p>\n\n\n\n<p class=\"has-small-font-size\">Fotos \u00a9 privat<\/p>\n","protected":false},"excerpt":{"rendered":"<p>Nun komm der Heiden Heiland Advent im Barock Das bekannte Lied \u201eNun komm der Heiden Heiland\u201c, in diesem Konzert als Orgelchoral von Dietrich Buxtehude und Johann Pachelbel zu h\u00f6ren, gibt unserem barocken Adventskonzert seinen Namen. Festliche Adventsmusik mit vollt\u00f6nendem Orgelklang wie auch weltliche Musik im besinnlichen Klang des Barockcellos sind die Wegpfeiler des Programms. Das&hellip;&nbsp;<a href=\"https:\/\/juliakursawe.de\/index.php\/works\/baroque-e-motion\/heiden-heiland\/\" class=\"\" rel=\"bookmark\">Weiterlesen &raquo;<span class=\"screen-reader-text\">Heiden Heiland<\/span><\/a><\/p>\n","protected":false},"author":1,"featured_media":0,"parent":90,"menu_order":0,"comment_status":"closed","ping_status":"closed","template":"","meta":{"neve_meta_sidebar":"","neve_meta_container":"","neve_meta_enable_content_width":"","neve_meta_content_width":0,"neve_meta_title_alignment":"","neve_meta_author_avatar":"","neve_post_elements_order":"","neve_meta_disable_header":"","neve_meta_disable_footer":"","neve_meta_disable_title":""},"_links":{"self":[{"href":"https:\/\/juliakursawe.de\/index.php\/wp-json\/wp\/v2\/pages\/111"}],"collection":[{"href":"https:\/\/juliakursawe.de\/index.php\/wp-json\/wp\/v2\/pages"}],"about":[{"href":"https:\/\/juliakursawe.de\/index.php\/wp-json\/wp\/v2\/types\/page"}],"author":[{"embeddable":true,"href":"https:\/\/juliakursawe.de\/index.php\/wp-json\/wp\/v2\/users\/1"}],"replies":[{"embeddable":true,"href":"https:\/\/juliakursawe.de\/index.php\/wp-json\/wp\/v2\/comments?post=111"}],"version-history":[{"count":3,"href":"https:\/\/juliakursawe.de\/index.php\/wp-json\/wp\/v2\/pages\/111\/revisions"}],"predecessor-version":[{"id":556,"href":"https:\/\/juliakursawe.de\/index.php\/wp-json\/wp\/v2\/pages\/111\/revisions\/556"}],"up":[{"embeddable":true,"href":"https:\/\/juliakursawe.de\/index.php\/wp-json\/wp\/v2\/pages\/90"}],"wp:attachment":[{"href":"https:\/\/juliakursawe.de\/index.php\/wp-json\/wp\/v2\/media?parent=111"}],"curies":[{"name":"wp","href":"https:\/\/api.w.org\/{rel}","templated":true}]}}