{"id":130,"date":"2020-10-11T19:44:21","date_gmt":"2020-10-11T17:44:21","guid":{"rendered":"https:\/\/juliakursawe.de\/?page_id=130"},"modified":"2025-03-25T19:40:26","modified_gmt":"2025-03-25T18:40:26","slug":"audio","status":"publish","type":"page","link":"https:\/\/juliakursawe.de\/index.php\/media\/audio\/","title":{"rendered":"Audio"},"content":{"rendered":"\n<h2 class=\"has-text-align-center\">Audio<\/h2>\n\n\n\n<div class=\"wp-block-columns\">\n<div class=\"wp-block-column\"><\/div>\n\n\n\n<div class=\"wp-block-column\">\n<figure class=\"wp-block-audio\"><audio controls src=\"https:\/\/juliakursawe.de\/wp-content\/uploads\/2025\/03\/Na\u0308ske-LAX-.mp3\"><\/audio><figcaption><strong>n\u00e4ske LAX<br>Julia Kursawe 2023<\/strong><br><a href=\"https:\/\/juliakursawe.de\/index.php\/works\/ensemble-samudra\/\">Ensemble Samudra<\/a><br>Audio: Peer Triebler 2025<\/figcaption><\/figure>\n<\/div>\n\n\n\n<div class=\"wp-block-column\"><\/div>\n<\/div>\n\n\n\n<figure class=\"wp-block-embed is-type-video is-provider-vimeo wp-block-embed-vimeo wp-embed-aspect-16-9 wp-has-aspect-ratio\"><div class=\"wp-block-embed__wrapper\">\n<div class=\"nv-iframe-embed\"><iframe loading=\"lazy\" title=\"n\u00e4ske LAX - Intro\" src=\"https:\/\/player.vimeo.com\/video\/908287249?dnt=1&amp;app_id=122963\" width=\"1200\" height=\"675\" frameborder=\"0\" allow=\"autoplay; fullscreen; picture-in-picture; clipboard-write; encrypted-media\"><\/iframe><\/div>\n<\/div><figcaption><strong>n\u00e4ske LAX &#8211; Intro<\/strong><br>Komposition &amp; Barockcello: Julia Kursawe &#8211; Stimme: Carmen Kursawe<\/figcaption><\/figure>\n\n\n\n<figure class=\"wp-block-embed is-type-video is-provider-vimeo wp-block-embed-vimeo wp-embed-aspect-16-9 wp-has-aspect-ratio\"><div class=\"wp-block-embed__wrapper\">\n<div class=\"nv-iframe-embed\"><iframe loading=\"lazy\" title=\"Im Viereck\" src=\"https:\/\/player.vimeo.com\/video\/745004801?dnt=1&amp;app_id=122963\" width=\"1200\" height=\"675\" frameborder=\"0\" allow=\"autoplay; fullscreen; picture-in-picture; clipboard-write; encrypted-media\"><\/iframe><\/div>\n<\/div><figcaption><strong>Im Viereck (in Memoriam G. Ligeti) &#8211; Komposition: Julia Kursawe 2022 <\/strong><br>Dulzian: Adrian Rovatkay &#8211; Barockcello: Julia Kursawe <\/figcaption><\/figure>\n\n\n\n<figure class=\"wp-block-embed is-type-video is-provider-vimeo wp-block-embed-vimeo wp-embed-aspect-16-9 wp-has-aspect-ratio\"><div class=\"wp-block-embed__wrapper\">\n<div class=\"nv-iframe-embed\"><iframe loading=\"lazy\" title=\"Une jeune fillette - Kanon\" src=\"https:\/\/player.vimeo.com\/video\/757176683?dnt=1&amp;app_id=122963\" width=\"1200\" height=\"675\" frameborder=\"0\" allow=\"autoplay; fullscreen; picture-in-picture; clipboard-write; encrypted-media\"><\/iframe><\/div>\n<\/div><figcaption><strong>Une jeune fillette &#8211; Chanson: Frankreich 16.Jh \/ Satz: Julia Kursawe 2022 <\/strong><br>Gesang: Carmen Kursawe &#8211; Cello Piccolo: Julia Kursawe <\/figcaption><\/figure>\n\n\n\n<figure class=\"wp-block-embed is-type-video is-provider-vimeo wp-block-embed-vimeo wp-embed-aspect-16-9 wp-has-aspect-ratio\"><div class=\"wp-block-embed__wrapper\">\n<div class=\"nv-iframe-embed\"><iframe loading=\"lazy\" title=\"Windweite\" src=\"https:\/\/player.vimeo.com\/video\/788620371?dnt=1&amp;app_id=122963\" width=\"1200\" height=\"675\" frameborder=\"0\" allow=\"autoplay; fullscreen; picture-in-picture; clipboard-write; encrypted-media\"><\/iframe><\/div>\n<\/div><figcaption><strong>Ausschnitte aus &#8222;Windweite&#8220; (in Memoriam G. Ligeti) &#8211; Komposition: Julia Kursawe 2022<\/strong><br>Dulzian: Adrian Rovatkay &#8211; Cello Piccolo: Julia Kursawe<\/figcaption><\/figure>\n\n\n\n<div class=\"wp-block-image\"><figure class=\"aligncenter size-large\"><img loading=\"lazy\" width=\"500\" height=\"149\" src=\"https:\/\/juliakursawe.de\/wp-content\/uploads\/2020\/10\/baroqueemotion-header-1.jpg\" alt=\"\" class=\"wp-image-91\" srcset=\"https:\/\/juliakursawe.de\/wp-content\/uploads\/2020\/10\/baroqueemotion-header-1.jpg 500w, https:\/\/juliakursawe.de\/wp-content\/uploads\/2020\/10\/baroqueemotion-header-1-300x89.jpg 300w\" sizes=\"(max-width: 500px) 100vw, 500px\" \/><\/figure><\/div>\n\n\n\n<div class=\"wp-block-columns has-2-columns\">\n<div class=\"wp-block-column\">\n<figure class=\"wp-block-audio\"><audio controls src=\"https:\/\/juliakursawe.de\/wp-content\/uploads\/2020\/10\/westhoff2satz.mp3\"><\/audio><figcaption>Allegro<\/figcaption><\/figure>\n<\/div>\n\n\n\n<div class=\"wp-block-column\">\n<figure class=\"wp-block-audio\"><audio controls src=\"https:\/\/juliakursawe.de\/wp-content\/uploads\/2020\/10\/westhoff1satz.mp3\"><\/audio><figcaption>Aria Largo &#8211; Adagio e forte<\/figcaption><\/figure>\n<\/div>\n<\/div>\n\n\n\n<p class=\"has-text-align-center has-small-font-size\"><strong>aus Sonata IV d-moll f\u00fcr Violine &amp; Basso Continuo &#8211; Johann Paul von Westhoff (Dresden 1694) <\/strong><br>Barockgeige: Adela Drechsel &#8211; Barockcello: Julia Kursawe &#8211; Orgel: M\u00e1rton Bors\u00e1nyi <br>Live Aufnahme 2007: Andor Horv\u00e1th<br><br><\/p>\n","protected":false},"excerpt":{"rendered":"<p>Audio aus Sonata IV d-moll f\u00fcr Violine &amp; Basso Continuo &#8211; Johann Paul von Westhoff (Dresden 1694) Barockgeige: Adela Drechsel &#8211; Barockcello: Julia Kursawe &#8211; Orgel: M\u00e1rton Bors\u00e1nyi Live Aufnahme 2007: Andor Horv\u00e1th<\/p>\n","protected":false},"author":1,"featured_media":0,"parent":128,"menu_order":1,"comment_status":"closed","ping_status":"closed","template":"","meta":{"neve_meta_sidebar":"","neve_meta_container":"","neve_meta_enable_content_width":"","neve_meta_content_width":0,"neve_meta_title_alignment":"","neve_meta_author_avatar":"","neve_post_elements_order":"","neve_meta_disable_header":"","neve_meta_disable_footer":"","neve_meta_disable_title":""},"_links":{"self":[{"href":"https:\/\/juliakursawe.de\/index.php\/wp-json\/wp\/v2\/pages\/130"}],"collection":[{"href":"https:\/\/juliakursawe.de\/index.php\/wp-json\/wp\/v2\/pages"}],"about":[{"href":"https:\/\/juliakursawe.de\/index.php\/wp-json\/wp\/v2\/types\/page"}],"author":[{"embeddable":true,"href":"https:\/\/juliakursawe.de\/index.php\/wp-json\/wp\/v2\/users\/1"}],"replies":[{"embeddable":true,"href":"https:\/\/juliakursawe.de\/index.php\/wp-json\/wp\/v2\/comments?post=130"}],"version-history":[{"count":17,"href":"https:\/\/juliakursawe.de\/index.php\/wp-json\/wp\/v2\/pages\/130\/revisions"}],"predecessor-version":[{"id":4452,"href":"https:\/\/juliakursawe.de\/index.php\/wp-json\/wp\/v2\/pages\/130\/revisions\/4452"}],"up":[{"embeddable":true,"href":"https:\/\/juliakursawe.de\/index.php\/wp-json\/wp\/v2\/pages\/128"}],"wp:attachment":[{"href":"https:\/\/juliakursawe.de\/index.php\/wp-json\/wp\/v2\/media?parent=130"}],"curies":[{"name":"wp","href":"https:\/\/api.w.org\/{rel}","templated":true}]}}