{"id":136,"date":"2020-10-11T19:45:46","date_gmt":"2020-10-11T17:45:46","guid":{"rendered":"https:\/\/juliakursawe.de\/?page_id=136"},"modified":"2026-04-22T17:51:33","modified_gmt":"2026-04-22T15:51:33","slug":"calendar","status":"publish","type":"page","link":"https:\/\/juliakursawe.de\/index.php\/calendar\/","title":{"rendered":"Calendar"},"content":{"rendered":"\n<p class=\"has-medium-font-size\"><strong>2026<\/strong><\/p>\n\n\n\n<p class=\"has-small-font-size\">10. Januar<br>CelloWercken Zutphen, Niederlande<\/p>\n\n\n\n<p class=\"has-small-font-size\">31. Januar<br><strong>Barockcello meets Beatbox &#8211; Tangos &amp; J.S.Bach<\/strong><br>mit <a rel=\"noreferrer noopener\" href=\"https:\/\/mando-beatbox.com\/\" target=\"_blank\">Daniel Mandolini<\/a> <br><meta charset=\"utf-8\">Weg der Mitte gemeinn\u00fctziger Verein, Berlin<\/p>\n\n\n\n<p class=\"has-small-font-size\">21. Februar<br>CelloWercken Zutphen, Niederlande<\/p>\n\n\n\n<p class=\"has-small-font-size\"><meta charset=\"utf-8\"><meta charset=\"utf-8\">26. Februar<br><strong>Barockcellosonaten von Jacob Herman Klein &amp; G. P. Telemann<\/strong><br>mit Peter \u00dchling am Cembalo<br>Emmauskirche, Berlin-Dahlem<\/p>\n\n\n\n<p class=\"has-small-font-size\">15. M\u00e4rz &#8211; 15:30 <br><strong>Auff\u00fchrung meiner Komposition Berlin 1 <\/strong><br>&#8222;WeiterSingen &#8211; \u00dcberLeben&#8220; &#8211; <a rel=\"noreferrer noopener\" href=\"https:\/\/vocalensemble-acanto.de\/\" target=\"_blank\">Vocalensemble Acanto<\/a> <br><a rel=\"noreferrer noopener\" href=\"https:\/\/www.chorverband-berlin.de\/veranstaltungen\/konzerte-veranstaltungen\/sonntagskonzertreihe\/\" target=\"_blank\">Sonntagskonzertreihe des Chorverbands Berlin<\/a><br>KMS Philharmonie Berlin<\/p>\n\n\n\n<p class=\"has-small-font-size\">19. M\u00e4rz<br><strong>Suite Nr. 4 in Es-Dur f\u00fcr Cello solo von Johann Sebastian Bach<\/strong><br>Emmauskirche, Berlin-Dahlem<\/p>\n\n\n\n<p class=\"has-small-font-size\">28. M\u00e4rz<br>K\u00f6nig Albert Theater Bad Elster<br>29. M\u00e4rz <br>Frauenkirche Dresden<\/p>\n\n\n\n<p class=\"has-small-font-size\"><meta charset=\"utf-8\">23. April &#8211; <strong>abgesagt<\/strong><br><strong><a href=\"https:\/\/juliakursawe.de\/index.php\/works\/impuls-der-suite\/suite-ricercare\/\">Suite Ricercare<\/a><\/strong><meta charset=\"utf-8\"><br><meta charset=\"utf-8\">aus der Reihe <a href=\"https:\/\/juliakursawe.de\/index.php\/works\/impuls-der-suite\/\">ImPuls der Suite<\/a><br>im <a rel=\"noreferrer noopener\" href=\"https:\/\/yenidze-theater.de\/ticketshop?pg=event&amp;eid=138085&amp;edid=491755\" target=\"_blank\">Yenidze Theater<\/a> Dresden <\/p>\n\n\n\n<p>11. Mai <br><meta charset=\"utf-8\"><a href=\"https:\/\/juliakursawe.de\/index.php\/works\/impuls-der-suite\/suite-cubic\/\"><strong>SUITE CUBIC &#8211; Bach for baroque cello, beatbox and dance<\/strong><\/a><br><meta charset=\"utf-8\">aus der Reihe <a href=\"https:\/\/juliakursawe.de\/index.php\/works\/impuls-der-suite\/\">ImPuls der Suite<\/a> <br>Connecting Centuries &#8211; Das Alte Musik-Festival im Kreis Minden-L\u00fcbbecke<br>Nordrhein-Westfalen<\/p>\n\n\n\n<p>5. Juni &#8211; 19:00<br><strong><a href=\"https:\/\/juliakursawe.de\/index.php\/works\/impuls-der-suite\/suite-ricercare\/\">Ricercare<\/a><\/strong> im Duo<br>mit Adrian Rovatkay (Dulzian, Basspommer) &amp; Julia Kursawe (Barockcello, Cello Piccolo) <br>be kind festival<br>Friedenskapelle Berlin-Neuk\u00f6lln<\/p>\n\n\n\n<p>14. Juni &#8211; 19:30<br><a href=\"https:\/\/juliakursawe.de\/index.php\/works\/impuls-der-suite\/flos-vanus\/\"><strong>Flos Vanus * Adabana<\/strong><\/a><br>aus der Reihe <meta charset=\"utf-8\"><a href=\"https:\/\/juliakursawe.de\/index.php\/works\/impuls-der-suite\/\">ImPuls der Suite<\/a> <br><meta charset=\"utf-8\">Theater im Dock 11, Kastanienalle 79, 10435 Berlin<br>Tickets: <a rel=\"noreferrer noopener\" href=\"https:\/\/soundance-festival.de\" target=\"_blank\">soundance festival berlin<\/a><\/p>\n\n\n\n<p>18. Juni &#8211; 13:00<br><meta charset=\"utf-8\"><strong><a href=\"https:\/\/juliakursawe.de\/index.php\/works\/ensemble-samudra\/\"><strong><meta charset=\"utf-8\"><\/strong><\/a><\/strong>Mittags-Markt-Musik<br><strong>Cellogalanterie<\/strong> &#8211; Barockcello Duo mit Mirjam Pfeiffer &amp; Julia Kursawe<br><meta charset=\"utf-8\">Emmauskirche, Onkel-Tom-Stra\u00dfe 80, 14169 Berlin-Dahlem<\/p>\n\n\n\n<p>28. Juni &#8211; 14:30<br><meta charset=\"utf-8\"><strong>Ensemble&nbsp;<a href=\"https:\/\/juliakursawe.de\/index.php\/works\/ensemble-tres-morillas\/\">Tres Morillas<\/a><\/strong> <strong> &amp; Arabic Music Institute Berlin<\/strong><br>From Oud to Lute<br><a href=\"https:\/\/www.simpk.de\/ueber-uns\/aktuelles\/news-detailseite\/artikel\/2026\/06\/28\/sound-spaces-from-oud-to-lute.html?sword_list%5B0%5D=Oud&amp;no_cache=1\" target=\"_blank\" rel=\"noreferrer noopener\">Musikinstrumenten-Museum Berlin<\/a> <\/p>\n\n\n\n<p>5. Juli <br><meta charset=\"utf-8\"><strong>Ensemble&nbsp;<a href=\"https:\/\/juliakursawe.de\/index.php\/works\/ensemble-tres-morillas\/\">Tres Morillas<\/a><\/strong> <strong> &amp; <meta charset=\"utf-8\">Arabic Music Institute Berlin<\/strong><br>From Oud to Lute<br>Theater Expedition Metropolis<\/p>\n\n\n\n<p>3. September 13:00<br><meta charset=\"utf-8\">Mittags-Markt-Musik <br><strong><meta charset=\"utf-8\"><a href=\"https:\/\/juliakursawe.de\/index.php\/works\/ensemble-samudra\/\"><strong>Ensemble Samudra<\/strong><\/a><\/strong><br><meta charset=\"utf-8\">Emmauskirche, Onkel-Tom-Stra\u00dfe 80, 14169 Berlin-Dahlem<\/p>\n\n\n\n<p>5. September<br><meta charset=\"utf-8\"><strong>Ensemble&nbsp;<a href=\"https:\/\/juliakursawe.de\/index.php\/works\/ensemble-tres-morillas\/\">Tres Morillas<\/a><\/strong> <strong> &amp; Arabic Music Institute Berlin<\/strong><br>From Oud to Lute<br>Marienkriche Berlin-Mitte <\/p>\n\n\n\n<h6 class=\"has-medium-font-size\"><a href=\"https:\/\/juliakursawe.de\/index.php\/calendar\/konzertarchiv\/\">Archiv<\/a><\/h6>\n","protected":false},"excerpt":{"rendered":"<p>2026 10. JanuarCelloWercken Zutphen, Niederlande 31. JanuarBarockcello meets Beatbox &#8211; Tangos &amp; J.S.Bachmit Daniel Mandolini Weg der Mitte gemeinn\u00fctziger Verein, Berlin 21. FebruarCelloWercken Zutphen, Niederlande 26. FebruarBarockcellosonaten von Jacob Herman Klein &amp; G. P. Telemannmit Peter \u00dchling am CembaloEmmauskirche, Berlin-Dahlem 15. M\u00e4rz &#8211; 15:30 Auff\u00fchrung meiner Komposition Berlin 1 &#8222;WeiterSingen &#8211; \u00dcberLeben&#8220; &#8211; Vocalensemble Acanto&hellip;&nbsp;<a href=\"https:\/\/juliakursawe.de\/index.php\/calendar\/\" class=\"\" rel=\"bookmark\">Weiterlesen &raquo;<span class=\"screen-reader-text\">Calendar<\/span><\/a><\/p>\n","protected":false},"author":1,"featured_media":0,"parent":0,"menu_order":0,"comment_status":"closed","ping_status":"closed","template":"","meta":{"neve_meta_sidebar":"","neve_meta_container":"","neve_meta_enable_content_width":"","neve_meta_content_width":0,"neve_meta_title_alignment":"","neve_meta_author_avatar":"","neve_post_elements_order":"","neve_meta_disable_header":"","neve_meta_disable_footer":"","neve_meta_disable_title":""},"_links":{"self":[{"href":"https:\/\/juliakursawe.de\/index.php\/wp-json\/wp\/v2\/pages\/136"}],"collection":[{"href":"https:\/\/juliakursawe.de\/index.php\/wp-json\/wp\/v2\/pages"}],"about":[{"href":"https:\/\/juliakursawe.de\/index.php\/wp-json\/wp\/v2\/types\/page"}],"author":[{"embeddable":true,"href":"https:\/\/juliakursawe.de\/index.php\/wp-json\/wp\/v2\/users\/1"}],"replies":[{"embeddable":true,"href":"https:\/\/juliakursawe.de\/index.php\/wp-json\/wp\/v2\/comments?post=136"}],"version-history":[{"count":357,"href":"https:\/\/juliakursawe.de\/index.php\/wp-json\/wp\/v2\/pages\/136\/revisions"}],"predecessor-version":[{"id":4905,"href":"https:\/\/juliakursawe.de\/index.php\/wp-json\/wp\/v2\/pages\/136\/revisions\/4905"}],"wp:attachment":[{"href":"https:\/\/juliakursawe.de\/index.php\/wp-json\/wp\/v2\/media?parent=136"}],"curies":[{"name":"wp","href":"https:\/\/api.w.org\/{rel}","templated":true}]}}

<p class="has-medium-font-size"><strong>2026</strong></p>



<p class="has-small-font-size">10. Januar<br>CelloWercken Zutphen, Niederlande</p>



<p class="has-small-font-size">31. Januar<br><strong>Barockcello meets Beatbox &#8211; Tangos &amp; J.S.Bach</strong><br>mit <a rel="noreferrer noopener" href="https://mando-beatbox.com/" target="_blank">Daniel Mandolini</a> <br><meta charset="utf-8">Weg der Mitte gemeinnütziger Verein, Berlin</p>



<p class="has-small-font-size">21. Februar<br>CelloWercken Zutphen, Niederlande</p>



<p class="has-small-font-size"><meta charset="utf-8"><meta charset="utf-8">26. Februar<br><strong>Barockcellosonaten von Jacob Herman Klein &amp; G. P. Telemann</strong><br>mit Peter Ühling am Cembalo<br>Emmauskirche, Berlin-Dahlem</p>



<p class="has-small-font-size">15. März &#8211; 15:30 <br><strong>Aufführung meiner Komposition Berlin 1 </strong><br>&#8222;WeiterSingen &#8211; ÜberLeben&#8220; &#8211; <a rel="noreferrer noopener" href="https://vocalensemble-acanto.de/" target="_blank">Vocalensemble Acanto</a> <br><a rel="noreferrer noopener" href="https://www.chorverband-berlin.de/veranstaltungen/konzerte-veranstaltungen/sonntagskonzertreihe/" target="_blank">Sonntagskonzertreihe des Chorverbands Berlin</a><br>KMS Philharmonie Berlin</p>



<p class="has-small-font-size">19. März<br><strong>Suite Nr. 4 in Es-Dur für Cello solo von Johann Sebastian Bach</strong><br>Emmauskirche, Berlin-Dahlem</p>



<p class="has-small-font-size">28. März<br>König Albert Theater Bad Elster<br>29. März <br>Frauenkirche Dresden</p>



<p class="has-small-font-size"><meta charset="utf-8">23. April &#8211; <strong>abgesagt</strong><br><strong><a href="https://juliakursawe.de/index.php/works/impuls-der-suite/suite-ricercare/">Suite Ricercare</a></strong><meta charset="utf-8"><br><meta charset="utf-8">aus der Reihe <a href="https://juliakursawe.de/index.php/works/impuls-der-suite/">ImPuls der Suite</a><br>im <a rel="noreferrer noopener" href="https://yenidze-theater.de/ticketshop?pg=event&amp;eid=138085&amp;edid=491755" target="_blank">Yenidze Theater</a> Dresden </p>



<p>11. Mai <br><meta charset="utf-8"><a href="https://juliakursawe.de/index.php/works/impuls-der-suite/suite-cubic/"><strong>SUITE CUBIC &#8211; Bach for baroque cello, beatbox and dance</strong></a><br><meta charset="utf-8">aus der Reihe <a href="https://juliakursawe.de/index.php/works/impuls-der-suite/">ImPuls der Suite</a> <br>Connecting Centuries &#8211; Das Alte Musik-Festival im Kreis Minden-Lübbecke<br>Nordrhein-Westfalen</p>



<p>5. Juni &#8211; 19:00<br><strong><a href="https://juliakursawe.de/index.php/works/impuls-der-suite/suite-ricercare/">Ricercare</a></strong> im Duo<br>mit Adrian Rovatkay (Dulzian, Basspommer) &amp; Julia Kursawe (Barockcello, Cello Piccolo) <br>be kind festival<br>Friedenskapelle Berlin-Neukölln</p>



<p>14. Juni &#8211; 19:30<br><a href="https://juliakursawe.de/index.php/works/impuls-der-suite/flos-vanus/"><strong>Flos Vanus * Adabana</strong></a><br>aus der Reihe <meta charset="utf-8"><a href="https://juliakursawe.de/index.php/works/impuls-der-suite/">ImPuls der Suite</a> <br><meta charset="utf-8">Theater im Dock 11, Kastanienalle 79, 10435 Berlin<br>Tickets: <a rel="noreferrer noopener" href="https://soundance-festival.de" target="_blank">soundance festival berlin</a></p>



<p>18. Juni &#8211; 13:00<br><meta charset="utf-8"><strong><a href="https://juliakursawe.de/index.php/works/ensemble-samudra/"><strong><meta charset="utf-8"></strong></a></strong>Mittags-Markt-Musik<br><strong>Cellogalanterie</strong> &#8211; Barockcello Duo mit Mirjam Pfeiffer &amp; Julia Kursawe<br><meta charset="utf-8">Emmauskirche, Onkel-Tom-Straße 80, 14169 Berlin-Dahlem</p>



<p>28. Juni &#8211; 14:30<br><meta charset="utf-8"><strong>Ensemble&nbsp;<a href="https://juliakursawe.de/index.php/works/ensemble-tres-morillas/">Tres Morillas</a></strong> <strong> &amp; Arabic Music Institute Berlin</strong><br>From Oud to Lute<br><a href="https://www.simpk.de/ueber-uns/aktuelles/news-detailseite/artikel/2026/06/28/sound-spaces-from-oud-to-lute.html?sword_list%5B0%5D=Oud&amp;no_cache=1" target="_blank" rel="noreferrer noopener">Musikinstrumenten-Museum Berlin</a> </p>



<p>5. Juli <br><meta charset="utf-8"><strong>Ensemble&nbsp;<a href="https://juliakursawe.de/index.php/works/ensemble-tres-morillas/">Tres Morillas</a></strong> <strong> &amp; <meta charset="utf-8">Arabic Music Institute Berlin</strong><br>From Oud to Lute<br>Theater Expedition Metropolis</p>



<p>3. September 13:00<br><meta charset="utf-8">Mittags-Markt-Musik <br><strong><meta charset="utf-8"><a href="https://juliakursawe.de/index.php/works/ensemble-samudra/"><strong>Ensemble Samudra</strong></a></strong><br><meta charset="utf-8">Emmauskirche, Onkel-Tom-Straße 80, 14169 Berlin-Dahlem</p>



<p>5. September<br><meta charset="utf-8"><strong>Ensemble&nbsp;<a href="https://juliakursawe.de/index.php/works/ensemble-tres-morillas/">Tres Morillas</a></strong> <strong> &amp; Arabic Music Institute Berlin</strong><br>From Oud to Lute<br>Marienkriche Berlin-Mitte </p>



<h6 class="has-medium-font-size"><a href="https://juliakursawe.de/index.php/calendar/konzertarchiv/">Archiv</a></h6>

<p>2026 10. JanuarCelloWercken Zutphen, Niederlande 31. JanuarBarockcello meets Beatbox &#8211; Tangos &amp; J.S.Bachmit Daniel Mandolini Weg der Mitte gemeinnütziger Verein, Berlin 21. FebruarCelloWercken Zutphen, Niederlande 26. FebruarBarockcellosonaten von Jacob Herman Klein &amp; G. P. Telemannmit Peter Ühling am CembaloEmmauskirche, Berlin-Dahlem 15. März &#8211; 15:30 Aufführung meiner Komposition Berlin 1 &#8222;WeiterSingen &#8211; ÜberLeben&#8220; &#8211; Vocalensemble Acanto&hellip;&nbsp;<a href="https://juliakursawe.de/index.php/calendar/" class="" rel="bookmark">Weiterlesen &raquo;<span class="screen-reader-text">Calendar</span></a></p>
