{"id":2843,"date":"2023-01-24T11:40:25","date_gmt":"2023-01-24T10:40:25","guid":{"rendered":"https:\/\/juliakursawe.de\/?page_id=2843"},"modified":"2025-04-02T15:46:01","modified_gmt":"2025-04-02T13:46:01","slug":"la-maladeta","status":"publish","type":"page","link":"https:\/\/juliakursawe.de\/index.php\/works\/ensemble-tres-morillas\/la-maladeta\/","title":{"rendered":"La Maladeta"},"content":{"rendered":"\n<figure class=\"wp-block-embed is-type-video is-provider-vimeo wp-block-embed-vimeo wp-embed-aspect-16-9 wp-has-aspect-ratio\"><div class=\"wp-block-embed__wrapper\">\n<div class=\"nv-iframe-embed\"><iframe loading=\"lazy\" title=\"M. Lambert - Teaser\" src=\"https:\/\/player.vimeo.com\/video\/827782235?dnt=1&amp;app_id=122963\" width=\"1200\" height=\"675\" frameborder=\"0\" allow=\"autoplay; fullscreen; picture-in-picture; clipboard-write; encrypted-media\"><\/iframe><\/div>\n<\/div><\/figure>\n\n\n\n<p class=\"has-text-align-center has-medium-font-size\"><br><strong>La Maladeta &#8211; 3308 m <\/strong><br>Ein musikalischer Rundblick von den Pyren\u00e4en <br><br><\/p>\n\n\n\n<p>Wir begeben uns in eine Region in den Bergen, deren Geschichte von vielf\u00e4ltigen Einfl\u00fcssen gepr\u00e4gt wurde. Auf ihrem Boden entstand eine eigenwillige Kultur, die uns den Blick auf beide Seiten der Pyren\u00e4en er\u00f6ffnet.<\/p>\n\n\n\n<p>So malen wir ein musikalisches Bild voller Farben, oder anders gesagt, stricken wir eine bunte Flickendecke aus <em>Airs de Cour, Chansons, Minu\u00e9s, Saraos, J\u00e1caras, Tonos Humanos, Fol\u00edas<\/em> etc, und verbinden die vielf\u00e4ltigen Wollst\u00fccke mit dem Faden der traditionellen Ges\u00e4nge. <\/p>\n\n\n\n<p>Es ist die Zeit der zwei gro\u00dfen Dynastien \u201eBourbonen und Habsburger\u201c &#8211; \u201elos Borbones y los Austrias\u201c, nachdem der neue Kontinent Amerika entdeckt wurde, als die Juden und Mauren aus Spanien emigrieren mu\u00dften &#8211; manche durch Marokko, andere in den Norden, in der der Religionskrieg Frankreich in zwei Gruppen teilte und Navarra ein Ort des Widerstands der Hugenotten war.<\/p>\n\n\n\n<p>Wir erklettern den Berg \u201eLa Maladeta\u201c, mitten in den Pyren\u00e4en und schauen auf das K\u00f6nigreich Navarra &#8211; ein sehr beliebter Ort bei den europ\u00e4ischen Romantikern, die zahlreiche Liedersammlungen ver\u00f6ffentlichten; als Pionier unter ihnen Wilhelm von Humboldt.<br><\/p>\n\n\n\n<p class=\"has-text-align-left has-background\" style=\"background-color:#f6f3ed\">Musik von: B\u00e9arnaise de Gaston Phoetus, <meta charset=\"utf-8\">Miguel de Fuenllana, <meta charset=\"utf-8\">Diego Ortiz, E. Moulini\u00e9, baskische traditionelle Sammlung J.-D.-J. Sallaberry, Recueilli par P. Lamazou, Michel Lambert, Nicolas Vallet, traditionelle baskische Lieder Euskal Kantak, Jean B. Barri\u00e8re, Juan Hidalgo, Gaspar Sanz, Pierre Attaingnat, Thoinot Arbeaut, anonyme Sammlung W. von Humboldt<\/p>\n\n\n\n<figure class=\"wp-block-embed is-type-video is-provider-vimeo wp-block-embed-vimeo wp-embed-aspect-16-9 wp-has-aspect-ratio\"><div class=\"wp-block-embed__wrapper\">\n<div class=\"nv-iframe-embed\"><iframe loading=\"lazy\" title=\"Vos m\u00e9pris chaque jour - LIVE Ausschnitt 2023\" src=\"https:\/\/player.vimeo.com\/video\/947560087?dnt=1&amp;app_id=122963\" width=\"1200\" height=\"675\" frameborder=\"0\" allow=\"autoplay; fullscreen; picture-in-picture; clipboard-write; encrypted-media\"><\/iframe><\/div>\n<\/div><figcaption>LIVE Mitschnitt<\/figcaption><\/figure>\n\n\n\n<p><\/p>\n","protected":false},"excerpt":{"rendered":"<p>La Maladeta &#8211; 3308 m Ein musikalischer Rundblick von den Pyren\u00e4en Wir begeben uns in eine Region in den Bergen, deren Geschichte von vielf\u00e4ltigen Einfl\u00fcssen gepr\u00e4gt wurde. Auf ihrem Boden entstand eine eigenwillige Kultur, die uns den Blick auf beide Seiten der Pyren\u00e4en er\u00f6ffnet. So malen wir ein musikalisches Bild voller Farben, oder anders gesagt,&hellip;&nbsp;<a href=\"https:\/\/juliakursawe.de\/index.php\/works\/ensemble-tres-morillas\/la-maladeta\/\" class=\"\" rel=\"bookmark\">Weiterlesen &raquo;<span class=\"screen-reader-text\">La Maladeta<\/span><\/a><\/p>\n","protected":false},"author":1,"featured_media":0,"parent":36,"menu_order":0,"comment_status":"closed","ping_status":"closed","template":"","meta":{"neve_meta_sidebar":"full-width","neve_meta_container":"","neve_meta_enable_content_width":"on","neve_meta_content_width":100,"neve_meta_title_alignment":"","neve_meta_author_avatar":"","neve_post_elements_order":"","neve_meta_disable_header":"","neve_meta_disable_footer":"","neve_meta_disable_title":""},"_links":{"self":[{"href":"https:\/\/juliakursawe.de\/index.php\/wp-json\/wp\/v2\/pages\/2843"}],"collection":[{"href":"https:\/\/juliakursawe.de\/index.php\/wp-json\/wp\/v2\/pages"}],"about":[{"href":"https:\/\/juliakursawe.de\/index.php\/wp-json\/wp\/v2\/types\/page"}],"author":[{"embeddable":true,"href":"https:\/\/juliakursawe.de\/index.php\/wp-json\/wp\/v2\/users\/1"}],"replies":[{"embeddable":true,"href":"https:\/\/juliakursawe.de\/index.php\/wp-json\/wp\/v2\/comments?post=2843"}],"version-history":[{"count":14,"href":"https:\/\/juliakursawe.de\/index.php\/wp-json\/wp\/v2\/pages\/2843\/revisions"}],"predecessor-version":[{"id":4530,"href":"https:\/\/juliakursawe.de\/index.php\/wp-json\/wp\/v2\/pages\/2843\/revisions\/4530"}],"up":[{"embeddable":true,"href":"https:\/\/juliakursawe.de\/index.php\/wp-json\/wp\/v2\/pages\/36"}],"wp:attachment":[{"href":"https:\/\/juliakursawe.de\/index.php\/wp-json\/wp\/v2\/media?parent=2843"}],"curies":[{"name":"wp","href":"https:\/\/api.w.org\/{rel}","templated":true}]}}