{"id":3004,"date":"2023-03-14T22:14:52","date_gmt":"2023-03-14T21:14:52","guid":{"rendered":"https:\/\/juliakursawe.de\/?page_id=3004"},"modified":"2026-04-09T18:25:03","modified_gmt":"2026-04-09T16:25:03","slug":"suite-ricercare-esp","status":"publish","type":"page","link":"https:\/\/juliakursawe.de\/index.php\/works\/impuls-der-suite\/suite-ricercare\/suite-ricercare-esp\/","title":{"rendered":"Suite Ricercare &#8211; esp"},"content":{"rendered":"\n<p style=\"text-align: right;\"><a href=\"https:\/\/juliakursawe.de\/index.php\/works\/impuls-der-suite\/suite-ricercare\/suite-ricercare-engl\/\"><img loading=\"lazy\" class=\"alignnone wp-image-1905 \" src=\"https:\/\/juliakursawe.de\/wp-content\/uploads\/2020\/10\/english.jpg\" alt=\"\" width=\"35\" height=\"23\" \/><\/a>  &nbsp; <a href=\"https:\/\/juliakursawe.de\/index.php\/works\/impuls-der-suite\/suite-ricercare\/\"><img loading=\"lazy\" class=\"alignnone wp-image-1906 \" src=\"https:\/\/juliakursawe.de\/wp-content\/uploads\/2020\/10\/deutsch.jpg\" alt=\"\" width=\"35\" height=\"23\"\/><\/a>\n\n\n\n<p class=\"has-text-align-center has-large-font-size\"><strong>Suite Ricercare<\/strong><\/p>\n\n\n\n<figure class=\"wp-block-embed is-type-video is-provider-vimeo wp-block-embed-vimeo wp-embed-aspect-16-9 wp-has-aspect-ratio\"><div class=\"wp-block-embed__wrapper\">\n<div class=\"nv-iframe-embed\"><iframe loading=\"lazy\" src=\"https:\/\/player.vimeo.com\/video\/824126206?dnt=1&amp;app_id=122963\" width=\"1200\" height=\"675\" frameborder=\"0\" allow=\"autoplay; fullscreen; picture-in-picture; clipboard-write; encrypted-media; web-share\" referrerpolicy=\"strict-origin-when-cross-origin\"><\/iframe><\/div>\n<\/div><\/figure>\n\n\n\n<p class=\"has-text-align-right has-medium-font-size\"><strong>TRAILER: Suite Ricercare LIVE<\/strong><\/p>\n\n\n\n<p>Con Ricercare que no podr\u00eda ser m\u00e1s diferente, los tres artistas excepcionales buscan sonido y forma en cada rinc\u00f3n.<\/p>\n\n\n\n<p>\u00a1Los instrumentos por s\u00ed solos son sorprendentes! \u00bfQui\u00e9n conoce al gran bajo pomerania? \u2013 una chirim\u00eda de bajo del siglo XV.<br>Con sonidos impresionantes y chirriantes, Adrian Rovatkay cuenta la historia del \u201cBass Nightingale\u201d de Erwin Schulhoff. <br>Julia Kursawe toca el hist\u00f3rico violonchelo piccolo mientras camina. Incorporando instrumentalmente la danza, compuso dos obras a la \u201cMusica Ricercata\u201d en memoria de Gy\u00f6rgy Ligeti y \u201cRicercar al vals lento\u201d especialmente para esta producci\u00f3n. <br>Yui Kawaguchi no s\u00f3lo deja que las l\u00edneas del Ricercare del siglo XVI fluyan en formas en movimiento; Sin m\u00e1s, ella da la vuelta a la tortilla y ambos m\u00fasicos tienen que bailar al son de su melod\u00eda. <br>Con la ayuda de disminuciones, la alegr\u00eda y la vivacidad emergen de melod\u00edas simples; un viaje a trav\u00e9s de tonos, im\u00e1genes y emociones, espacios y mundos. <br><br>El concierto se cre\u00f3 en 2022, al mismo tiempo que el inicio de la guerra en Europa, lo que influy\u00f3 en gran medida en la selecci\u00f3n e interpretaci\u00f3n de la m\u00fasica. Experimentamos Renaissance Ricercare como una vista superior c\u00f3smica; transmiten una sensaci\u00f3n de espacio e invitan al oyente a pensar en su propia existencia. Las obras contempor\u00e1neas nos sumergen en una experiencia cercana y emocional, hacen que los conflictos sean directamente tangibles, experimentan tensi\u00f3n y agresi\u00f3n, pero tambi\u00e9n resignaci\u00f3n y distracci\u00f3n de la realidad. <br>Esto crea un di\u00e1logo a tres bandas original y extremadamente impresionante sobre la forma del Ricercar y su contenido m\u00e1s profundo.<\/p>\n\n\n\n<p class=\"has-text-align-center has-background\" style=\"background-color:#f6f3ed\"><strong>2026<\/strong><br>***<strong><strong><br><\/strong><\/strong>23 de abril &#8211; <strong>cancelado<br><\/strong><a rel=\"noreferrer noopener\" href=\"https:\/\/yenidze-theater.de\/ticketshop?pg=event&amp;eid=138085&amp;edid=491755\" target=\"_blank\">Yenidze Theater<\/a> Dresden<br>***<br>5 de Junio &#8211; 19:00<br>Ricercare im Duo<br>Adrian Rovatkay (Dulzian, Basspommer) &amp; Julia Kursawe (Barockcello, Cello Piccolo) <br>be kind festival<br>Friedenskapelle Berlin-Neuk\u00f6lln<\/p>\n\n\n\n<p class=\"has-text-align-center has-nv-text-dark-bg-background-color has-background\">director artistico, concepto, violonchelo barroco, violonchelo piccolo:&nbsp;<strong>Julia Kursawe&nbsp;<\/strong><br>coreograf\u00eda, danza:&nbsp;<strong><a rel=\"noreferrer noopener\" href=\"http:\/\/www.mendora.com\/\" target=\"_blank\">Yui Kawaguchi<\/a>&nbsp;<\/strong><br>gran bajo pomerania, dulzian: <strong>Adrian Rovatkay<\/strong> <br>iluminaci\u00f3n y direcci\u00f3n t\u00e9cnica: Fabian Bleisch <\/p>\n\n\n\n<p class=\"has-text-align-center has-background\" style=\"background-color:#f6f3ed\"><em>musica<\/em>: J. E. Kindermann (1616 &#8211; 1655), O. de Lassus (um 1530 &#8211; 1594), J. Deprez (um 1450 &#8211; 1521), D. Gabrielli (1651 &#8211; 1690), J. Kursawe (2022), E. Schulhoff (1922), P. Glass (2013), O. Gibbons (1583 &#8211; 1625), D. Ortiz (um 1510 &#8211; um 1570)<\/p>\n\n\n\n<figure class=\"wp-block-embed is-type-video is-provider-vimeo wp-block-embed-vimeo wp-embed-aspect-16-9 wp-has-aspect-ratio\"><div class=\"wp-block-embed__wrapper\">\n<div class=\"nv-iframe-embed\"><iframe loading=\"lazy\" title=\"Suite Ricercare - Trailer\" src=\"https:\/\/player.vimeo.com\/video\/693978679?dnt=1&amp;app_id=122963\" width=\"1200\" height=\"675\" frameborder=\"0\" allow=\"autoplay; fullscreen; picture-in-picture; clipboard-write; encrypted-media; web-share\" referrerpolicy=\"strict-origin-when-cross-origin\"><\/iframe><\/div>\n<\/div><\/figure>\n\n\n\n<p class=\"has-text-align-center has-small-font-size\"><em>Gef\u00f6rdert durch den Musikfonds \/ Neustart Kultur und die Senatsverwaltung f\u00fcr Kultur und Europa&nbsp;(Projektf\u00f6rderung Alte Musik)<\/em><\/p>\n\n\n\n<p class=\"has-text-align-center has-background has-medium-font-size\" style=\"background-color:#f6f3ed\"><a href=\"https:\/\/juliakursawe.de\/index.php\/index-php-works-impuls-der-suite-archiv\/\"><strong><em>archivo &amp; prensa<\/em><\/strong><\/a><\/p>\n","protected":false},"excerpt":{"rendered":"<p>&nbsp; Suite Ricercare TRAILER: Suite Ricercare LIVE Con Ricercare que no podr\u00eda ser m\u00e1s diferente, los tres artistas excepcionales buscan sonido y forma en cada rinc\u00f3n. \u00a1Los instrumentos por s\u00ed solos son sorprendentes! \u00bfQui\u00e9n conoce al gran bajo pomerania? \u2013 una chirim\u00eda de bajo del siglo XV.Con sonidos impresionantes y chirriantes, Adrian Rovatkay cuenta la&hellip;&nbsp;<a href=\"https:\/\/juliakursawe.de\/index.php\/works\/impuls-der-suite\/suite-ricercare\/suite-ricercare-esp\/\" class=\"\" rel=\"bookmark\">Weiterlesen &raquo;<span class=\"screen-reader-text\">Suite Ricercare &#8211; esp<\/span><\/a><\/p>\n","protected":false},"author":1,"featured_media":0,"parent":2813,"menu_order":0,"comment_status":"closed","ping_status":"closed","template":"","meta":{"neve_meta_sidebar":"full-width","neve_meta_container":"","neve_meta_enable_content_width":"on","neve_meta_content_width":100,"neve_meta_title_alignment":"","neve_meta_author_avatar":"","neve_post_elements_order":"","neve_meta_disable_header":"","neve_meta_disable_footer":"","neve_meta_disable_title":""},"_links":{"self":[{"href":"https:\/\/juliakursawe.de\/index.php\/wp-json\/wp\/v2\/pages\/3004"}],"collection":[{"href":"https:\/\/juliakursawe.de\/index.php\/wp-json\/wp\/v2\/pages"}],"about":[{"href":"https:\/\/juliakursawe.de\/index.php\/wp-json\/wp\/v2\/types\/page"}],"author":[{"embeddable":true,"href":"https:\/\/juliakursawe.de\/index.php\/wp-json\/wp\/v2\/users\/1"}],"replies":[{"embeddable":true,"href":"https:\/\/juliakursawe.de\/index.php\/wp-json\/wp\/v2\/comments?post=3004"}],"version-history":[{"count":39,"href":"https:\/\/juliakursawe.de\/index.php\/wp-json\/wp\/v2\/pages\/3004\/revisions"}],"predecessor-version":[{"id":4893,"href":"https:\/\/juliakursawe.de\/index.php\/wp-json\/wp\/v2\/pages\/3004\/revisions\/4893"}],"up":[{"embeddable":true,"href":"https:\/\/juliakursawe.de\/index.php\/wp-json\/wp\/v2\/pages\/2813"}],"wp:attachment":[{"href":"https:\/\/juliakursawe.de\/index.php\/wp-json\/wp\/v2\/media?parent=3004"}],"curies":[{"name":"wp","href":"https:\/\/api.w.org\/{rel}","templated":true}]}}