{"id":4628,"date":"2025-08-24T22:19:52","date_gmt":"2025-08-24T20:19:52","guid":{"rendered":"https:\/\/juliakursawe.de\/?page_id=4628"},"modified":"2026-03-23T10:39:25","modified_gmt":"2026-03-23T09:39:25","slug":"flos-vanus","status":"publish","type":"page","link":"https:\/\/juliakursawe.de\/index.php\/works\/impuls-der-suite\/flos-vanus\/","title":{"rendered":"Flos Vanus * Adabana"},"content":{"rendered":"\n<p class=\"has-text-align-center has-large-font-size\"><strong>Flos Vanus * Adabana<\/strong><\/p>\n\n\n\n<div class=\"wp-block-image\"><figure class=\"aligncenter size-large\"><img loading=\"lazy\" width=\"1024\" height=\"852\" src=\"https:\/\/juliakursawe.de\/wp-content\/uploads\/2025\/07\/\u00a9-Mendora.JAY_-1024x852.jpeg\" alt=\"\" class=\"wp-image-4606\" srcset=\"https:\/\/juliakursawe.de\/wp-content\/uploads\/2025\/07\/\u00a9-Mendora.JAY_-1024x852.jpeg 1024w, https:\/\/juliakursawe.de\/wp-content\/uploads\/2025\/07\/\u00a9-Mendora.JAY_-300x250.jpeg 300w, https:\/\/juliakursawe.de\/wp-content\/uploads\/2025\/07\/\u00a9-Mendora.JAY_-768x639.jpeg 768w, https:\/\/juliakursawe.de\/wp-content\/uploads\/2025\/07\/\u00a9-Mendora.JAY_-1536x1278.jpeg 1536w, https:\/\/juliakursawe.de\/wp-content\/uploads\/2025\/07\/\u00a9-Mendora.JAY_-2048x1704.jpeg 2048w, https:\/\/juliakursawe.de\/wp-content\/uploads\/2025\/07\/\u00a9-Mendora.JAY_-500x416.jpeg 500w, https:\/\/juliakursawe.de\/wp-content\/uploads\/2025\/07\/\u00a9-Mendora.JAY_-800x665.jpeg 800w, https:\/\/juliakursawe.de\/wp-content\/uploads\/2025\/07\/\u00a9-Mendora.JAY_-1280x1065.jpeg 1280w, https:\/\/juliakursawe.de\/wp-content\/uploads\/2025\/07\/\u00a9-Mendora.JAY_-1920x1597.jpeg 1920w\" sizes=\"(max-width: 1024px) 100vw, 1024px\" \/><figcaption>Grafik \u00a9 Mendora<\/figcaption><\/figure><\/div>\n\n\n\n<p>Flos Vanus * Adabana ist ein k\u00fcnstlerisches Experiment und zugleich eine Hommage: die imagin\u00e4re Begegnung zwischen einer japanischen T\u00e4nzerin und einer italienischen Komponistin, deren Werke und Lebenswege bis heute inspirieren. <br><br>Im Zentrum stehen zwei au\u00dfergew\u00f6hnliche K\u00fcnstlerinnen um 1600: die japanische T\u00e4nzerin Izumo no Okuni (ca. 1572\u20131613), Begr\u00fcnderin des Kabuki-Theaters, und die italienische Komponistin Isabella Leonarda<strong><em> <\/em><\/strong>(1620\u20131704), eine der produktivsten weiblichen Stimmen des Barock.<br>Beide Frauen lebten in einer Zeit, in der K\u00fcnstlerinnen noch mutige Schritte in die \u00d6ffentlichkeit wagten &#8211; bevor die R\u00e4ume f\u00fcr weibliche Kreativit\u00e4t zunehmend eingeschr\u00e4nkt und den M\u00e4nnern vorbehalten blieben. Bei Izumo no Okuni und Isabella Leonarda, die in verschiedenen Welten lebten, zeigt sich ein \u00e4hnliches Schicksal. F\u00fcr sie gab es eine kurze Zeit k\u00fcnstlerischer Freiheit, die bald von Verboten, Regeln und Institutionen eingeschr\u00e4nkt wurde. <br><br>Der Titel Flos Vanus<strong> <\/strong>(lat.) \u2013 Adabana<strong> <\/strong>(jap.) bedeutet \u201efruchtlose Blume\u201c. Er steht als Sinnbild f\u00fcr die kurze Bl\u00fcte weiblicher Freiheit in den K\u00fcnsten und f\u00fcr ihre Verg\u00e4nglichkeit \u2013 zugleich aber auch f\u00fcr deren Sch\u00f6nheit und Strahlkraft. <br><br>Das Projekt denkt die unm\u00f6gliche Begegnung beider K\u00fcnstlerinnen neu. Zwei Frauen, die in verschiedenen Welten lebten, verbindet ein gemeinsames Schicksal: ihr innovatives, k\u00fchnes, wegweisendes Werk \u2013 und zugleich dessen Verg\u00e4nglichkeit, da gesellschaftliche Strukturen die k\u00fcnstlerische Freiheit von Frauen einschr\u00e4nkten.<br><br>Die Auff\u00fchrung bringt Alte Musik, zeitgen\u00f6ssische Kompositionen, Improvisation und Tanz in einen Dialog, der Gegens\u00e4tze zwischen extrovertierter Verr\u00fccktheit und spiritueller Askese, zwischen Vergangenheit und Gegenwart aufgespannt.<br>Sie macht erfahrbar, dass k\u00fcnstlerische Freiheit nie selbstverst\u00e4ndlich war \u2013 und dass selbst eine \u201efruchtlose Blume\u201c ein leuchtendes Zeichen hinterlassen kann.<\/p>\n\n\n\n<figure class=\"wp-block-embed is-type-video is-provider-vimeo wp-block-embed-vimeo wp-embed-aspect-16-9 wp-has-aspect-ratio\"><div class=\"wp-block-embed__wrapper\">\n<div class=\"nv-iframe-embed\"><iframe loading=\"lazy\" title=\"Flos Vanus* Adabana\" src=\"https:\/\/player.vimeo.com\/video\/1134601792?dnt=1&amp;app_id=122963\" width=\"1200\" height=\"675\" frameborder=\"0\" allow=\"autoplay; fullscreen; picture-in-picture; clipboard-write; encrypted-media; web-share\" referrerpolicy=\"strict-origin-when-cross-origin\"><\/iframe><\/div>\n<\/div><\/figure>\n\n\n\n<p class=\"has-text-align-center has-background\" style=\"background-color:#f6f3ed\"><strong>2026<\/strong><br><strong>14. Juni &#8211; 19:30<br>Theater im Dock 11, Kastanienalle 79, 10435 Berlin<br>Tickets:\u00a0<a rel=\"noreferrer noopener\" href=\"https:\/\/soundance-festival.de\/\" target=\"_blank\">soundance festival berlin<\/a><\/strong><\/p>\n\n\n\n<p class=\"has-text-align-center\">Barockcello, Historische Fl\u00f6te, Komposition:&nbsp;<strong>Julia Kursawe&nbsp;<\/strong><br>Historische Fl\u00f6ten, Barockgeige, Spinetta: <a rel=\"noreferrer noopener\" href=\"https:\/\/annafusek.com\/\" target=\"_blank\"><strong>Anna Fusek<\/strong><\/a><br>Choreographie, Tanz:&nbsp;<strong><a rel=\"noreferrer noopener\" href=\"http:\/\/www.mendora.com\/\" target=\"_blank\">Yui Kawaguchi<\/a><\/strong><\/p>\n\n\n\n<p class=\"has-text-align-center has-background\" style=\"background-color:#f6f3ed\"><em>Musik von Isabella Leonarda, Girolamo Frescobaldi, Guiseppe Maria Clemens Dall&#8217;Abaco, Michio Miyagi, Julia Kursawe und Improvisationen<\/em><\/p>\n\n\n\n<p class=\"has-text-align-center\"><meta charset=\"utf-8\"><strong><a href=\"https:\/\/juliakursawe.de\/index.php\/index-php-works-impuls-der-suite-archiv\/\">Archiv &amp; Presse<\/a><\/strong><\/p>\n","protected":false},"excerpt":{"rendered":"<p>Flos Vanus * Adabana Flos Vanus * Adabana ist ein k\u00fcnstlerisches Experiment und zugleich eine Hommage: die imagin\u00e4re Begegnung zwischen einer japanischen T\u00e4nzerin und einer italienischen Komponistin, deren Werke und Lebenswege bis heute inspirieren. Im Zentrum stehen zwei au\u00dfergew\u00f6hnliche K\u00fcnstlerinnen um 1600: die japanische T\u00e4nzerin Izumo no Okuni (ca. 1572\u20131613), Begr\u00fcnderin des Kabuki-Theaters, und die&hellip;&nbsp;<a href=\"https:\/\/juliakursawe.de\/index.php\/works\/impuls-der-suite\/flos-vanus\/\" class=\"\" rel=\"bookmark\">Weiterlesen &raquo;<span class=\"screen-reader-text\">Flos Vanus * Adabana<\/span><\/a><\/p>\n","protected":false},"author":1,"featured_media":0,"parent":51,"menu_order":1,"comment_status":"closed","ping_status":"closed","template":"","meta":{"neve_meta_sidebar":"full-width","neve_meta_container":"","neve_meta_enable_content_width":"on","neve_meta_content_width":100,"neve_meta_title_alignment":"","neve_meta_author_avatar":"","neve_post_elements_order":"","neve_meta_disable_header":"","neve_meta_disable_footer":"","neve_meta_disable_title":""},"_links":{"self":[{"href":"https:\/\/juliakursawe.de\/index.php\/wp-json\/wp\/v2\/pages\/4628"}],"collection":[{"href":"https:\/\/juliakursawe.de\/index.php\/wp-json\/wp\/v2\/pages"}],"about":[{"href":"https:\/\/juliakursawe.de\/index.php\/wp-json\/wp\/v2\/types\/page"}],"author":[{"embeddable":true,"href":"https:\/\/juliakursawe.de\/index.php\/wp-json\/wp\/v2\/users\/1"}],"replies":[{"embeddable":true,"href":"https:\/\/juliakursawe.de\/index.php\/wp-json\/wp\/v2\/comments?post=4628"}],"version-history":[{"count":15,"href":"https:\/\/juliakursawe.de\/index.php\/wp-json\/wp\/v2\/pages\/4628\/revisions"}],"predecessor-version":[{"id":4852,"href":"https:\/\/juliakursawe.de\/index.php\/wp-json\/wp\/v2\/pages\/4628\/revisions\/4852"}],"up":[{"embeddable":true,"href":"https:\/\/juliakursawe.de\/index.php\/wp-json\/wp\/v2\/pages\/51"}],"wp:attachment":[{"href":"https:\/\/juliakursawe.de\/index.php\/wp-json\/wp\/v2\/media?parent=4628"}],"curies":[{"name":"wp","href":"https:\/\/api.w.org\/{rel}","templated":true}]}}