{"id":468,"date":"2020-10-16T10:10:14","date_gmt":"2020-10-16T08:10:14","guid":{"rendered":"https:\/\/juliakursawe.de\/?page_id=468"},"modified":"2020-10-29T12:05:39","modified_gmt":"2020-10-29T11:05:39","slug":"streichduo","status":"publish","type":"page","link":"https:\/\/juliakursawe.de\/index.php\/works\/baroque-e-motion\/streichduo\/","title":{"rendered":"Streichduo"},"content":{"rendered":"\n<h2 class=\"has-text-align-center\">baroque-e-motion als Streichduo<\/h2>\n\n\n\n<figure class=\"wp-block-image size-large is-resized\"><img loading=\"lazy\" src=\"https:\/\/juliakursawe.de\/wp-content\/uploads\/2020\/10\/DSC_9126-1024x681.jpg\" alt=\"\" class=\"wp-image-469\" width=\"1024\" height=\"681\" srcset=\"https:\/\/juliakursawe.de\/wp-content\/uploads\/2020\/10\/DSC_9126-1024x681.jpg 1024w, https:\/\/juliakursawe.de\/wp-content\/uploads\/2020\/10\/DSC_9126-300x200.jpg 300w, https:\/\/juliakursawe.de\/wp-content\/uploads\/2020\/10\/DSC_9126-768x511.jpg 768w, https:\/\/juliakursawe.de\/wp-content\/uploads\/2020\/10\/DSC_9126-1536x1022.jpg 1536w, https:\/\/juliakursawe.de\/wp-content\/uploads\/2020\/10\/DSC_9126-2048x1363.jpg 2048w\" sizes=\"(max-width: 1024px) 100vw, 1024px\" \/><figcaption>\u00a9 Peter C. Theis<\/figcaption><\/figure>\n\n\n\n<p class=\"has-text-align-center has-medium-font-size\">Musik des 18. Jahrhundert f\u00fcr Streicher&nbsp;<\/p>\n\n\n\n<p class=\"has-text-align-center\">mit Werken von J.S. Bach, J. Dall\u2018 Abaco, F.-H. Barth\u00e9l\u00e9mon, F. Giuliani und G.P. Telemann&nbsp;<\/p>\n\n\n\n<p class=\"has-background\" style=\"background-color:#f6f3ed\">Barockvioline: Kerstin Linder-Dewan konzertiert als Solistin und Konzertmeisterin mehrerer Ensembles regelm\u00e4\u00dfig in England, Spanien und Deutschland. <br><br>Cello Piccolo und Barockcello: Julia Kursawe gr\u00fcndete die Reihe ImPuls der Suite f\u00fcr Barockcello und modernen Tanz, ist Mitglied mehrerer Alte Musik Ensembles und gibt Workshops f\u00fcr Musikphysiologie.<\/p>\n","protected":false},"excerpt":{"rendered":"<p>baroque-e-motion als Streichduo Musik des 18. Jahrhundert f\u00fcr Streicher&nbsp; mit Werken von J.S. Bach, J. Dall\u2018 Abaco, F.-H. Barth\u00e9l\u00e9mon, F. Giuliani und G.P. Telemann&nbsp; Barockvioline: Kerstin Linder-Dewan konzertiert als Solistin und Konzertmeisterin mehrerer Ensembles regelm\u00e4\u00dfig in England, Spanien und Deutschland. Cello Piccolo und Barockcello: Julia Kursawe gr\u00fcndete die Reihe ImPuls der Suite f\u00fcr Barockcello und&hellip;&nbsp;<a href=\"https:\/\/juliakursawe.de\/index.php\/works\/baroque-e-motion\/streichduo\/\" class=\"\" rel=\"bookmark\">Weiterlesen &raquo;<span class=\"screen-reader-text\">Streichduo<\/span><\/a><\/p>\n","protected":false},"author":1,"featured_media":0,"parent":90,"menu_order":0,"comment_status":"closed","ping_status":"closed","template":"","meta":{"neve_meta_sidebar":"full-width","neve_meta_container":"","neve_meta_enable_content_width":"on","neve_meta_content_width":100,"neve_meta_title_alignment":"","neve_meta_author_avatar":"","neve_post_elements_order":"","neve_meta_disable_header":"","neve_meta_disable_footer":"","neve_meta_disable_title":""},"_links":{"self":[{"href":"https:\/\/juliakursawe.de\/index.php\/wp-json\/wp\/v2\/pages\/468"}],"collection":[{"href":"https:\/\/juliakursawe.de\/index.php\/wp-json\/wp\/v2\/pages"}],"about":[{"href":"https:\/\/juliakursawe.de\/index.php\/wp-json\/wp\/v2\/types\/page"}],"author":[{"embeddable":true,"href":"https:\/\/juliakursawe.de\/index.php\/wp-json\/wp\/v2\/users\/1"}],"replies":[{"embeddable":true,"href":"https:\/\/juliakursawe.de\/index.php\/wp-json\/wp\/v2\/comments?post=468"}],"version-history":[{"count":6,"href":"https:\/\/juliakursawe.de\/index.php\/wp-json\/wp\/v2\/pages\/468\/revisions"}],"predecessor-version":[{"id":660,"href":"https:\/\/juliakursawe.de\/index.php\/wp-json\/wp\/v2\/pages\/468\/revisions\/660"}],"up":[{"embeddable":true,"href":"https:\/\/juliakursawe.de\/index.php\/wp-json\/wp\/v2\/pages\/90"}],"wp:attachment":[{"href":"https:\/\/juliakursawe.de\/index.php\/wp-json\/wp\/v2\/media?parent=468"}],"curies":[{"name":"wp","href":"https:\/\/api.w.org\/{rel}","templated":true}]}}